is the highest common divisor of o and 3?
3
Let r be 102/6 - (-2 - -1). Calculate the highest common divisor of 27 and r.
9
Suppose 4*t + 134 = -u + 418, -16 = -4*u. Calculate the highest common factor of 35 and t.
35
Let j(f) = f**2 + 10*f - 3*f**2 - 2 + 3*f**2 + 5. Let y be j(-10). Let n be 2/(-3) + 14/y. Calculate the highest common divisor of 44 and n.
4
Suppose t - 4*t + 5*c = -49, -t = 2*c - 20. Calculate the highest common factor of t and 45.
9
Let w(i) = -i**3 + 3*i**2 + 2*i. Let o be w(2). Let j be 7 + 59 - (-6)/(-3). What is the greatest common factor of j and o?
8
Let d be 15/3*(-1 - -3). Let b = -153 + 203. What is the greatest common factor of d and b?
10
Let o = -7 - -23. Calculate the greatest common divisor of 8 and o.
8
Let h(n) = n**2 + 4*n + 1. Let g be h(-4). Let t be (-3128)/(-32) + g/4. Calculate the highest common factor of 14 and t.
14
Suppose 2*q - 25 = -3*q. Let o(x) = -x**3 + 7*x**2 + 3*x - 5. Let m be o(q). Calculate the highest common divisor of m and 12.
12
Let l(t) be the third derivative of t**5/60 + 5*t**4/24 - 3*t**3 + 3*t**2. Let j be l(6). Calculate the greatest common factor of 6 and j.
6
Let x be 3 - (-426)/9 - 2/(-3). What is the greatest common divisor of x and 17?
17
Let q(m) be the first derivative of -m**2/2 - 4. Let r be q(-6). What is the greatest common factor of r and 66?
6
Let g = 14 - -12. Let l(t) = 51*t + 1. Let j be l(-1). Let u = j - -89. Calculate the greatest common factor of u and g.
13
Let j be 15*(2 - 12/5). Let v be j/9 - (-96)/9. Let s(g) = 2*g**2 - 8*g - 4. Let u be s(6). Calculate the highest common factor of v and u.
10
Suppose 0 = -2*x - 7 - 13. Let p be (-12)/x*1*10. Let d(o) = 16*o + 4. Let n be d(8). What is the highest common factor of n and p?
12
Let k(x) = -x**3 + 4*x**2 - 5*x + 6. Let v be k(4). Let m = 7 - v. What is the highest common factor of m and 21?
21
Suppose 0 = -3*w + 3*k - 2*k + 99, -5*w + 182 = 4*k. Suppose -29*r - 60 = -w*r. Calculate the highest common factor of r and 96.
12
Let u be (-12)/7 + 2/(-7). Let x = 5 + u. Let d = 0 - -1. What is the highest common divisor of x and d?
1
Let m be (3 + -1)*(-3)/(-2). Suppose m*f - 260 = 5*v, -396 = -5*f - 3*v + 2*v. Calculate the greatest common divisor of f and 16.
16
Suppose 380 = 4*n - 4*m, -3*n + 395 = -4*m + 110. Suppose 5*g - n = 235. What is the highest common divisor of g and 22?
22
Let r = 5 + -1. Let c(w) = -w**2 + w. Let n be c(3). Let x be ((-16)/n)/(4/66). What is the highest common divisor of r and x?
4
Let r(h) = -h**2 + 5*h + 10. Let a be (2/6)/((-1)/(-21)). Let s be r(a). Let d = s + 17. Calculate the greatest common factor of 91 and d.
13
Let k = -28 + 86. Let w = 94 - k. What is the greatest common divisor of 12 and w?
12
Let i(d) = d + 7. Let p be i(0). Suppose 4*w = 19 - p. Suppose -150 = -29*s + 24*s. Calculate the greatest common divisor of w and s.
3
Let s(d) = -8*d + 1. Let n be s(-3). Suppose b - 35 = 5*l, b - 3*l = 5*b - n. Suppose 0*h - 10 = -h. Calculate the greatest common divisor of h and b.
10
Let p = -94 + 112. What is the highest common divisor of p and 63?
9
Let i be 6/(-1)*(-12)/(-9). Let n be (0 + 2)*(-44)/i. What is the greatest common factor of 11 and n?
11
Suppose -4*m = -3*p - 23, 5 = -8*m + 3*m - 3*p. Suppose 2*w - 4 = m*r - 3*r, -w = -3*r + 5. Calculate the highest common factor of 11 and w.
1
Suppose 2*c - 221 = -3*o, c - 2*o = -35 + 149. What is the highest common factor of c and 16?
16
Let i(n) = n**3 + 8*n**2 + 3*n - 5. Let q be i(-7). What is the highest common divisor of 115 and q?
23
Suppose 3*q - q = 0. Suppose -6*x + 8*x - 18 = q. What is the greatest common factor of 81 and x?
9
Let h(d) = 13*d. Let v be h(7). Let c be (21 - 0/2)*1. Suppose -5*p = 4*g - g - 14, -2*g = p - c. What is the highest common divisor of v and g?
13
Let x(t) = -t. Let d be x(-2). Let u be (-8)/3*33/(-4). Suppose -p + d*p = u. Calculate the greatest common factor of 2 and p.
2
Suppose -t = -2*t + 60. Suppose h - 50 = -3*y, 0*y = -3*y - 3*h + t. What is the highest common factor of y and 105?
15
Let m = -4 - 1. Let s(y) = y**3 + 6*y**2 - 6*y - 1. Let k be s(m). Let v be -1*2 + k/3. Calculate the highest common factor of 2 and v.
2
Let s = -24 - -19. Let i(b) = 2*b**2 - 4*b - 1. Let t be i(s). What is the highest common divisor of 46 and t?
23
Suppose 15 = 5*k - 10, 5*j - 4*k = 45. What is the highest common divisor of j and 91?
13
Let z = -40 + 56. Suppose -4*b + 0*b = -z. What is the greatest common divisor of 20 and b?
4
Let a = 4 - -5. What is the greatest common factor of 72 and a?
9
Let w = 195 + -129. Let v(o) = o**3 - 5*o**2 + o + 1. Suppose -5*d = -2*d - 15. Let k be v(d). What is the greatest common divisor of k and w?
6
Let l(u) = -19*u - 7. Let n be l(-4). Let w be n + 2 + (-4)/2. What is the greatest common divisor of 46 and w?
23
Let y be ((-2)/(-4))/((-24)/(-4752)). Calculate the greatest common factor of y and 9.
9
Let m = -13 + 23. Suppose 0 = -h - u + 6, -3*h - 3 + 6 = -2*u. Let r = 23 - h. What is the greatest common divisor of m and r?
10
Let h = -3 + 2. Let m = h - -20. Let b = -74 + 150. Calculate the greatest common factor of b and m.
19
Let d(f) = -f**2 + 5*f + 7. Let g(z) = -z. Let u(n) = -d(n) + 3*g(n). Let m be u(9). Let p = 62 - m. Calculate the highest common divisor of 15 and p.
15
Let x(n) = -n**3 + 16*n**2 - 26*n + 17. Let k be x(14). Calculate the highest common divisor of k and 60.
15
Suppose -h + 6 = 1. Calculate the greatest common factor of h and 1.
1
Suppose -i + 26 = 4*v + 5, 4*v - 20 = 0. Let w(t) = -t + 6. Let o be w(6). Suppose n - 4 + i = o. Calculate the highest common factor of 6 and n.
3
Suppose -5*z = -4*r + 27 + 34, r - z - 14 = 0. Calculate the greatest common divisor of 243 and r.
9
Let v(y) = 4*y**3 - 3*y**2 - 3*y - 2. Let b be v(3). What is the greatest common divisor of b and 10?
10
Let d be ((-4)/5)/(8/(-20)). Let m be (31 + 3)/d + 1. Suppose -l + m = 2*l. Calculate the highest common divisor of 66 and l.
6
Suppose 8*j - 44 = 52. Calculate the greatest common divisor of j and 24.
12
Let u be 18/(-15) + 1 + (-1261)/(-5). Calculate the highest common divisor of 28 and u.
28
Let q be -4*-5*2/(-8). Let f be (-2)/(-10) - 24/q. What is the greatest common factor of f and 5?
5
Let l(k) = 5 - 2 - 3*k - 2. Let d be l(-3). Let a be 4/22 + (-80)/(-44). What is the greatest common factor of a and d?
2
Let q be -3 + 7*6 - 3. Calculate the highest common divisor of q and 90.
18
Suppose -3*d + 2*k + 1 + 4 = 0, -d - 15 = -4*k. Let u be 0 - 3 - (d - 17). What is the greatest common factor of 3 and u?
3
Let k(x) = 7*x**3 - 5*x**2 + 2*x + 4. Let r be k(2). What is the greatest common divisor of 66 and r?
22
Let p(i) = 42*i + 1. Let g be p(1). Suppose 4*n - g = 181. Suppose 0 = 3*t - 1 - 23. Calculate the greatest common factor of n and t.
8
Let d(n) = -8*n - 3. Let a(x) = 2*x + 9*x - 5*x**2 + 4*x**2 - 13. Let t be a(10). Let h be d(t). What is the greatest common factor of 14 and h?
7
Let q(r) = -r**2 + 20*r - 3. Let v be q(19). Calculate the highest common factor of 112 and v.
16
Let x = -6 + 9. Suppose -4*b - 44 = -3*c, -4*c + 13 = -x*c - b. Let p = c + -5. Calculate the greatest common divisor of p and 15.
3
Suppose -2*n + 243 = 5*q - 395, 0 = q + 2*n - 134. Suppose 209 = -5*j - 96. Let b = q - j. What is the highest common factor of b and 17?
17
Let s = -16 + 27. Let l = 999 - 922. Calculate the highest common factor of l and s.
11
Suppose -5*l + 14 + 46 = 0. Suppose 0 = f - 4*n - 20, 3*f = -3*n + 6*n + 42. Let p be (f/(-15))/(1/(-165)). Calculate the highest common divisor of l and p.
12
Let b be (1/2 + -2)*-4. Let v(c) = c**3 - 9*c**2 + 9*c - 5. Let g be v(8). Let d be g + (39 - (3 - 3)). What is the greatest common divisor of b and d?
6
Suppose u + 34 = -2*o, -150 = 4*u - 0*o + o. Let h = 64 + u. Calculate the greatest common factor of h and 182.
26
Suppose 3*j - 136 = -40. Suppose -2*h + j = 2*h. Calculate the highest common factor of 56 and h.
8
Let c be (0 + (-2)/(-6))*0. Let a(w) = -w**3 + w**2 + 3. Let n be a(c). Suppose -d + 20 = n*d. What is the highest common divisor of d and 45?
5
Suppose 4*u - 3*a + 22 = -a, 0 = -4*u - a - 13. Let p(b) = -8*b - 6. Let i be p(u). Calculate the greatest common factor of 39 and i.
13
Let m be (-3 + -2)*12/(-1